What are the prime factors of n?
2, 3
Let a(b) = -29*b - 6. Let p be a(-3). Suppose -6*u + 3*u = -p. Let r = 1 + u. What are the prime factors of r?
2, 7
Let d = -798 + 3270. List the prime factors of d.
2, 3, 103
Suppose -4*a - 13344 = -5*k, -k + 3*k - 3*a - 5339 = 0. What are the prime factors of k?
2, 23, 29
Suppose -27*k + 3369 = -3273. What are the prime factors of k?
2, 3, 41
Let n be 4 + 0 + 9/3. Suppose 4*s = 4*b + b - 2, 0 = 3*s - b + n. Let f(y) = y**3 + 4*y**2 - 2*y - 1. List the prime factors of f(s).
2, 7
Let c(j) be the third derivative of 14*j**5/15 + 5*j**4/24 - 5*j**3/6 - 6*j**2. What are the prime factors of c(2)?
229
Let o be (-531)/(-2) + 10/20. Suppose o - 1 = 4*k + 5*a, 15 = 3*a. What are the prime factors of k?
2, 3, 5
Suppose 20 = 15*s - 10*s. Let b be 41/2 + (-2)/s. Let c = b + 27. List the prime factors of c.
47
List the prime factors of (-8)/(-2) + 3/(9/498).
2, 5, 17
Let z = -1314 + 1970. Suppose k - z = -k. Suppose -k = -3*y - y. List the prime factors of y.
2, 41
Let r(i) be the first derivative of 15*i**2/2 - i - 1. List the prime factors of r(6).
89
Suppose -680*a = -675*a - 280. What are the prime factors of a?
2, 7
Suppose 4*d = -d - 5*x + 1970, 0 = 3*d - 4*x - 1168. What are the prime factors of d?
2, 7
Let s(c) = 7*c - 6*c**2 - 6*c - 5*c - c**3 - 8. What are the prime factors of s(-7)?
3, 23
Suppose -5*p - 2330 = -5*h, 4*p = -4*h + 1132 + 724. What are the prime factors of h?
3, 5, 31
Let o = 6 + 1. Let v = 39 - o. List the prime factors of v.
2
Let u be (-12 - 0 - 1*-4) + -1. List the prime factors of (-1023)/u - (-3)/9.
2, 3, 19
Suppose -2*l + 61 = b, 5*b - 81 = -5*l + 84. Let x(f) = -f**3 - 5*f**2 + 29*f - 27. Let n be x(-9). Let d = n - l. List the prime factors of d.
2
Let x(l) = 3*l + 12. Let u be x(-4). Let g(n) = -n**2 - n + 32. What are the prime factors of g(u)?
2
Suppose f + 19 = -0. Let m = 13 - -39. Let c = f + m. What are the prime factors of c?
3, 11
Let h = -8 - 48. Let o = h - -332. List the prime factors of o.
2, 3, 23
Let d be ((-2)/6)/(23/(-345)). Suppose -33 = -h + 3*v, -3*v + v = -d*h + 126. What are the prime factors of h?
2, 3
Let u(p) = 5*p - 5. Let g be u(-3). Let b = 61 + g. What are the prime factors of b?
41
Let v(d) = -d + 7. Let u be v(3). Suppose -h + 2*h = -u. List the prime factors of h + -4 + 4 + 39.
5, 7
Let b be 2*5/(-10) + -12. Let j(g) = -g**3 - 11*g**2 + 15*g + 10. Let y be j(b). Suppose -27 = -3*t + y. List the prime factors of t.
2, 3, 5
Suppose 7*p - 214 = -2*v + 2*p, 3*v + 2*p = 310. What are the prime factors of v?
2, 3, 17
Let y(q) = -26*q - 588. What are the prime factors of y(-57)?
2, 3, 149
Suppose -o + 1317 = -4*n, -o + 1357 = -3*n + 7*n. What are the prime factors of o?
7, 191
Let f(z) = 6*z**2 - 2*z - 3. Let y(p) = -p**3 + 9*p**2 - 13*p - 9. Let l be y(7). List the prime factors of f(l).
5
Let t(d) = -2*d + 10. What are the prime factors of t(-25)?
2, 3, 5
Suppose 3*t + 18 = 5*t. Let f be (t/3 + -4)*-2. Suppose -4*o + 160 = -2*l, f*l + 0*l + 8 = 0. List the prime factors of o.
2, 19
Let w = -141 + 1101. What are the prime factors of w?
2, 3, 5
Let v be 50/6 - (-5)/(-15). Suppose 4*a - v = -0. Suppose y + a*y = 4*u + 10, y = -u + 8. List the prime factors of y.
2, 3
Let z = -33 - -25. What are the prime factors of (-2 - (-147 + 0)) + (-5 - z)?
2, 37
Let m(k) = -49*k - 20. Let p(b) = 25*b + 10. Let s(i) = 4*m(i) + 9*p(i). What are the prime factors of s(2)?
2, 17
Let z be (-3)/(-6)*0/2. Suppose -3*u = -z*u. Suppose -2*g + 34 + 50 = u. What are the prime factors of g?
2, 3, 7
Suppose n + v + 0*v - 5 = 0, 0 = n - 4*v + 20. Suppose 81 = q + w, 0 = -q - 2*w - n*w + 77. What are the prime factors of q?
5, 17
Let d = 19 - 3. Let x be (-34)/16 + 2/d. What are the prime factors of ((-451)/(-44))/(x/(-8))?
41
Suppose -3*p + 0*p = -315. Suppose -2*x - 7 + p = 0. Let u = x + -26. What are the prime factors of u?
23
Let m be ((-3)/(15/(-118)))/((-47)/235). Let q = 21 - m. What are the prime factors of q?
139
Suppose -26004 = -75*d + 63*d. List the prime factors of d.
11, 197
Let q = 703 + -312. List the prime factors of q.
17, 23
Let m(y) = -10 + 21 + y + 20 + 2. What are the prime factors of m(15)?
2, 3
Suppose 3*w + 8 = 3*q - 1, 0 = 4*q + 4*w + 12. Let r(v) = -2*v + v**2 + 6 + v**3 + 2*v. List the prime factors of r(q).
2, 3
Let t be (10 - 2)*(-1)/(-2). Suppose -l - 13 = -t. Let m = l + 16. What are the prime factors of m?
7
Let u = 2393 + -1427. Suppose 4*d - u = 58. List the prime factors of d.
2
Suppose 0 = 4*f - 5*o - 201, 3*f + 2*o = 57 + 65. Suppose 15*j + 20 - 125 = 0. Let d = f - j. List the prime factors of d.
37
Let r(f) = -6*f**2 - 67*f + 19. Let x(j) = 2*j**2 + 22*j - 6. Let m(t) = 4*r(t) + 11*x(t). What are the prime factors of m(-11)?
2, 3
Suppose 2192 = 2*x - 1420. List the prime factors of x.
2, 3, 7, 43
Let b be (-1749)/(-4) + (-2)/8. Suppose 2*y + 111 - b = 0. What are the prime factors of y?
163
Let a(n) = n - 2. Let v(l) = 6*l**3 - l**2 - l + 1. Let r be v(1). Suppose 0 = -r*y - 0*y + 30. What are the prime factors of a(y)?
2
Suppose 0 = -44*x + 52*x - 6232. List the prime factors of x.
19, 41
Suppose -180 = -8*a + 6*a. Suppose 0 = -c - 5*n + a, -3*c - 4*n + 230 = n. List the prime factors of c.
2, 5, 7
Suppose 5 = 5*l, 4*i = -5*l + 2444 + 8953. List the prime factors of i.
2, 89
Suppose 2*u = 2*x + 2, -u + 5*x + 7 = 2*x. What are the prime factors of (240/(-75))/(u/15)?
2, 3
Let h(v) = 51*v + 6. Let p(z) = -1. Let y(d) = h(d) + 4*p(d). Let r be y(2). Suppose 3*o - 151 = -5*f, 0*f = -2*o - 5*f + r. List the prime factors of o.
47
Suppose -4328 = -4*v - 2*x, 4*x - 438 = v - 1502. List the prime factors of v.
2, 3, 5
Let h = 365 - 101. What are the prime factors of h?
2, 3, 11
Let p(z) = -7*z + 7. Let s be p(5). Let m be -12*2/s*-49. List the prime factors of (-4)/14 + (-222)/m.
5
Let g(a) = -4*a**3 - 2*a**2 + 4. Suppose 0 = -2*k - z, k + 4*z - 8 = -3*k. Let o be g(k). Let y = o + 1. List the prime factors of y.
29
Suppose 0 = 2*t - 3*q - 84, -3*q + q = -4. List the prime factors of t.
3, 5
Suppose 0*u + 20 = 4*u + 2*q, -4*u - 3*q = -24. Suppose 5*d + 18 = -2*n, -d + u - 5 = 2*n. List the prime factors of (-4 + 5 - -4)*n.
5
Suppose 0 = -4*z + 4*i + 164, 3*z - 3*i - 207 = -2*z. List the prime factors of z.
2, 3, 7
Let j(n) = 11*n + 31. Let a be j(11). Suppose 5*q - a = 143. List the prime factors of q.
59
Suppose 0 = -6*k + 8*k - 24. Suppose 7 = m - k. What are the prime factors of m?
19
Let l(f) = -f**2 - 7*f - 4. Let z be l(-7). What are the prime factors of 8/((-16)/z) + 2?
2
Suppose -2*r - 4254 = -4*k, 3*r + 2916 = 5*k - 2403. List the prime factors of k.
2, 3, 59
Let k(o) = -o**2 - 7*o - 11. Let a(v) = 4*v**2 + 22*v + 33. Let f(h) = -2*a(h) - 7*k(h). Let n be f(5). What are the prime factors of (61 + n)*(-2)/(-2)?
2, 3
Let g(k) = k**3 - 5*k**2 - 14*k. Let r be g(7). Suppose r = -i + 146 + 198. List the prime factors of i.
2, 43
Let c(d) = -d**2 + 13*d - 17. Let g = -24 + 32. List the prime factors of c(g).
23
Suppose 0 = -0*w + 2*w + 400. Let x = 333 + w. List the prime factors of x.
7, 19
Let t = 1704 + -916. What are the prime factors of t?
2, 197
Let h(g) = -49*g - 2. Let n(r) = -r**2 + 11*r + 25. Let d be n(13). What are the prime factors of h(d)?
47
Let y(s) be the third derivative of s**4/6 - s**3/2 - 6*s**2. Suppose -2*z - 5*o = z - 30, -4*o = -4*z + 8. What are the prime factors of y(z)?
17
Suppose -4*r = -4, 0 = -18*f + 19*f + 5*r - 9. List the prime factors of f.
2
Let b(s) = -s**2 + 9*s + 16. Let t be b(11). Let l = t - -108. List the prime factors of l.
2, 3, 17
Let x = 13 + -9. Suppose -4*j + 18 = 2*m, j + 6 = x. List the prime factors of m.
13
Let m(j) = j**2 + 2*j + 3. Let u(y) = -y**3 + 2*y**2 + 2*y + 1. Let x be u(-1). Suppose 3*q = g + x*q + 6, -4*g = 2*q + 30. What are the prime factors of m(g)?
2, 19
Let l = 71 - -619. List the prime factors of l.
2, 3, 5, 23
Suppose -3*h + 0*h = 5*g - 3, 2*g = h + 10. Suppose g*t = -t. Suppose 84 + 76 = 5*l + 5*s, t = 5*l - s - 166. What are the prime factors of l?
3, 11
Let m = 1153 - 24. Suppose 0 = -18*f + m + 797. What are the prime factors of f?
107
Let x be -2 + 2 - (-8 + 16). Let i = 39 - x. List the prime factors of i.
47
Let d = 109 + -29. Suppose 2*w - d = 5*l, 0*w - l = -2*w + 